 the third derivative of x**6/120 - x**5/10 - 3*x**3/2 - 2470*x**2. Calculate p(6).
-9
Let c(k) = 2*k - 3. Suppose 3*w = -3*m - 6, -w = -5*m - 48 + 8. Let h be m/14*(-2 - 8). Calculate c(h).
7
Suppose 0*d = -2*d + 10. Let h(w) = -d + 6*w + 0*w + 6 - 3*w. Let a = 257 + -261. What is h(a)?
-11
Let i(g) = 33*g**2 - 18*g - 1. Let n(u) = 8*u**2 - 2*u + 2. Let p(t) = -i(t) + 4*n(t). Determine p(8).
25
Let y(q) = -2*q**3 + 24*q**2 - q + 17. Let h be y(12). Let p be 0/((1 + -3)/2). Let k = h + p. Let n(b) = -2*b + 7. Calculate n(k).
-3
Let y(a) = -88*a**3 + 4*a**2 + 9*a - 6. Let r(f) = -73*f**3 + 6*f**2 + 10*f - 5. Let s(g) = -6*r(g) + 5*y(g). Give s(-7).
7
Let p be 2/(-16) + (-33)/(-8). Suppose p*i = 19*i + 75. Let x(h) = h**3 + 6*h**2 + 4. Determine x(i).
29
Let f be (-11)/((-11)/14) + (1 - 1). Let h be 40/f*98/28. Let j(u) = 13*u**2 - 22*u**2 + h*u**2 - u. What is j(-1)?
2
Suppose 2*f = -5*v, -4*f + 3*v = f. Suppose f = -6*z + 2*z - 8. Let c be (z/(-3))/(2/(-9)). Let d(r) = -r**2 - 3*r. Calculate d(c).
0
Suppose -25*w = 16*w + 27*w - 340. Let p(h) = -h**2 - 79*h + 407. Determine p(w).
-13
Let g(r) = 3*r**3 + 2*r**2 - 5*r + 2. Let q(v) = -44*v - 791. Let x be q(-18). Give g(x).
2
Let v(l) be the third derivative of -l**5/20 - 19*l**4/12 + 13*l**3/6 - 12*l**2 + 58*l. What is v(-13)?
0
Let v = -482 - -300. Let i = v - -176. Let p(f) = f. Determine p(i).
-6
Let o(w) be the third derivative of -w**6/120 + 4*w**5/15 - 7*w**4/12 - 11*w**3/3 + 182*w**2 - w. Calculate o(15).
-7
Let w = -9 + 4. Let a(u) = u**2 + 14*u. Let t(f) = 10*f**2 + 146*f - 4. Let n(m) = 11*a(m) - t(m). Determine n(w).
-11
Let n(z) = 16 - 96 - 24 - 6*z + 25. Calculate n(-14).
5
Let n(m) = 5*m + 10 - 12*m + 7*m + 8*m + 2*m. Let r(b) = -3*b - 1. Let d(z) = -n(z) - 3*r(z). Give d(-5).
-2
Let k(m) = 7*m**2 - 48*m + 10. Suppose -269*x = o - 264*x - 42, -2*o = -2*x. Calculate k(o).
17
Let m(u) be the second derivative of -u**3/3 + 6*u**2 - u - 12. Let g(j) = j - 9. Let q(p) = -3*g(p) - 2*m(p). Determine q(0).
3
Let j be (64/56)/((-26)/91 + 0). Let u(r) = 102*r + 410. Determine u(j).
2
Let b(h) = -4*h**2 + 2*h + 10 - 6*h**3 - 8 + 7*h**3. Suppose 111 = -2*q + 123, 0 = 4*p + 4*q - 32. Determine b(p).
-2
Let p(b) = 155*b**2 - 72*b**2 - b - 1 - 81*b**2 + 0*b. Let m(y) = 4*y + 3. Let q(j) = -m(j) - 3*p(j). Determine q(1).
-7
Let j be 13/7 - (10764/(-966) + (-22)/(-2)). Let x(b) = b**3 + 4*b - 3. Give x(j).
13
Let l = -13301 + 13294. Let f(q) be the second derivative of q**3/6 + 13*q**2/2 + q. Determine f(l).
6
Let a(h) = -h**2 - 6*h + 74. Let q be a(6). Let x(y) = -27 + 4*y + 8*y**q + 27 + 4*y - 6*y. Determine x(-1).
6
Let y(m) = -2*m**2 - 11*m - 2. Suppose 2*i + 977 = -3*b - 146, b = 5*i + 2765. Let h = 549 + i. Determine y(h).
3
Let y(m) = -2*m**2 + 3*m - 1. Let w(b) = -b**2 + 11*b - 11. Let q(d) = w(d) - 3*y(d). Give q(3).
43
Let b(s) be the first derivative of s**6/120 - s**5/60 - s**4/8 - 9*s**2/2 + 119. Let z(p) be the second derivative of b(p). Let j = 7 - 4. Give z(j).
9
Let c(x) = 253*x + 241*x - 794*x + 274*x + 2*x**2 - 113. Calculate c(16).
-17
Let o(b) = -3*b - 335 + 1344 - 342 - 331 - 344. Calculate o(0).
-8
Let p(u) = 0*u**2 - 5*u + u**3 + 7*u**2 - 150779 + 150769. Give p(-5).
65
Let i(r) = -3*r**2 + r + 1. Let c(a) = 14*a**2 - 8*a - 6. Let v(s) = c(s) + 6*i(s). Determine v(4).
-72
Let v(i) = 0*i**2 - 17*i + 13*i - i**2 + 5*i. Determine v(0).
0
Let a be (0 - 0)*((-568)/497 + (-18)/(-28)). Let c(d) = -d**3 + d**2 - d + 18. Determine c(a).
18
Let n = 13939 + -13948. Let z(w) = w**2 + 4*w - 17. Give z(n).
28
Let u(m) = 78*m - 255. Let n(l) = 15*l - 52. Let a(c) = 21*n(c) - 4*u(c). Calculate a(13).
-33
Let u be 28 - (-2 + 0/(-3)). Suppose 4*x = -x - u. Let r(i) = -10*i**3 - 5291 - 8*i**3 + 31*i**3 - 8*i - 12*i**3 + 5283 + 5*i**2. Calculate r(x).
4
Let g(m) = -33*m + 2305. Let y(n) = 49*n - 3529. Let h(q) = 8*g(q) + 5*y(q). Determine h(42).
-3
Let x(l) = -13*l**3 + 25*l**2 + 10*l - 17. Let n(y) = 24*y**3 - 47*y**2 - 20*y + 32. Let h(b) = -6*n(b) - 11*x(b). What is h(8)?
11
Let p(l) = -l**2 - 13*l - 24. Let u be p(-10). Let j be (u + -2)/(-5 + 3). Let i(s) = s - 2 - 1 + s**3 + 0 - 3*s. What is i(j)?
-7
Let w(s) = 18*s**2 - 11325*s + 5649*s + 5563*s - 12 - 5 + s**3. Determine w(5).
-7
Suppose 10 = 2*l + 4*g, 3*g - 25 = -369*l + 365*l. Let k(w) = -13*w + 20. Determine k(l).
-71
Let t(k) be the second derivative of -k**5/20 - 5*k**4/12 + k**3 + 7*k**2/2 - k. Let z = -199 - -242. Let n be (-10)/(-70) - z/7. Determine t(n).
7
Let g(i) be the third derivative of 2*i**2 - 1/6*i**3 + 0 - 23/60*i**5 - 30*i + 0*i**4. Give g(1).
-24
Let s(i) be the first derivative of 7*i**4/4 + 2*i**3/3 + i**2/2 - 2291. Suppose 0 = -5*o - 5*l - 25, -4*l + 5 = 21. Determine s(o).
-6
Let k(c) be the third derivative of -31*c**4/24 + 169*c**3/6 - 19*c**2 - 73. What is k(5)?
14
Let n(j) = 2*j**2 - 9*j + 19. Let k be n(4). Let q be (306/30 + -11)/((-2)/k). Let u(l) = l**2 - 6*l - 5. What is u(q)?
-5
Let i be -30 - (28 - 57) - (-1 - 3). Let p(c) = c - 8. What is p(i)?
-5
Suppose 2*t = -2*t. Let h(d) = -11*d - 30. Let f(k) = 18*k + 27. Let x(c) = -c + 1. Let y(i) = f(i) + 5*x(i). Let l(a) = 6*h(a) + 5*y(a). What is l(t)?
-20
Let j(o) = -155*o + 455*o - 157*o - 146*o + 48. What is j(14)?
6
Let w(j) = -23 + 12 + 2*j + 14. Let r be -6 + (2 - (1 - 1))/(-2). What is w(r)?
-11
Let g(u) = -2*u + 45. Let s(v) = -v + 20. Let x(w) = 2*g(w) - 5*s(w). Let t(r) = 12*r**2. Let o be t(1). Let h be x(o). Let y(i) = -i**3 - 2. Calculate y(h).
-10
Suppose 3*m = -3*z + 426, -15*m - 3*z + 718 = -10*m. Let j = 149 - m. Let w(i) = 2*i**2 + 2*i - 1. Give w(j).
23
Let a(x) be the first derivative of -3*x**3 + x**2/2 - 4*x - 106. Let p(u) = -18*u**2 + 2*u - 7. Let y(c) = -5*a(c) + 3*p(c). Calculate y(1).
-9
Let p(q) = q**2 + 3*q + 5. Let x be -13 + (12 - 10) + 7. Calculate p(x).
9
Let y(z) = 1 - 49*z - 9 + 48*z. Let t be 20/30*126/12. Determine y(t).
-15
Let d be -6 - (-413)/(-21) - (185/15 - 12). Let u(t) = -3*t - 91. Give u(d).
-13
Suppose -4*a - 3*t = -9 + 11, 0 = -4*a - 4*t. Let u(m) = 31*m + 68. What is u(a)?
6
Suppose 1 = -2*w + 5. Suppose -85*p = -80*p - 20. Let r(j) = 28*j**3 - 3*j**2 - p + 10*j**w - 14*j**3 + 8*j - 15*j**3. What is r(8)?
-4
Suppose 0 = -2*v - 4*r - 24, 5*v - 5*r - 47 = 28. Let u(y) = 43*y - 267. What is u(v)?
-9
Let x(n) = -4*n**2 - 6*n + 5. Suppose -75 = -70*y + 85*y. Determine x(y).
-65
Let u(d) be the third derivative of -1/90*d**6 + 0 - 1/120*d**5 + 1/12*d**4 + 0*d + 4*d**3 - 24*d**2. Let a(p) be the first derivative of u(p). Calculate a(-2).
-12
Let r = -2 - 0. Let f(o) = -512*o - 2. Let v(z) = -638*z - 2. Let n(g) = 5*f(g) - 4*v(g). What is n(r)?
14
Let n(d) = 13 + 10 + 6 - 34 + 10 + 2*d. What is n(12)?
29
Let t(k) be the third derivative of -k**6/120 + k**5/60 - k**4/24 - 5*k**3/6 + 125*k**2. Give t(-4).
79
Let j = -38 + 44. Let i be (2/6)/(j*9/648). Let g(c) = -c + 4. Let z(d) = d - 3. Let k(m) = -3*g(m) - 4*z(m). Give k(i).
-4
Let j(y) be the third derivative of 1/24*y**4 + 0 - 1/6*y**3 + 43*y**2 + 0*y. Suppose -2*z + 11 = 3*m - 4*z, m - 2*z = 1. Give j(m).
4
Let g(s) = -s**2 - 11*s + 159. Let y be g(-19). Let b(o) = -4*o + 35. Calculate b(y).
7
Let w(i) = -59 + 160*i - 303*i + 159*i + 2*i**2. Let g be w(-11). Let n(v) = -2*v + 3*v + v - 10 + v**3 - 7*v**2. Give n(g).
4
Let y be 140/(-10)*4/(-14). Suppose o - 3*k + 4*k = 159, 3*k = 3*o - 489. Let d(v) = 49 - v**3 + 57 + 52 - o + y*v**2. Determine d(4).
-3
Let x(b) = b**2 + 10*b + 21. Suppose u = 5*u - 8. Suppose -5*i - u*f = 28, 0 = 5*i + 3*f + 19 + 8. Let o be x(i). Let q(d) = -2*d + 2. Give q(o).
8
Let h(f) = -f**2 + 9*f + 9. Let k be ((-5)/(-6))/(88/1056). Give h(k).
-1
Let k(t) = t + 9. Let r(p) = -9*p + 57. Let c be r(20). Let m be (-7)/(-70) - c/(-30). Determine k(m).
5
Let o(u) = -u**3 + u - 21. Let p = -2090 - -2090. What is o(p)?
-21
Let n(v) be the third derivative of 11*v**4/6 + v**3/3 - 6*v**2. Let f be n(-1). Let b = f - -44. Let q(k) = k**2 - 2*k - 1. Calculate q(b).
-1
Let s(b) = b**3 + 6*b**2 + 4*b - 3. Let q(n) = 32*n**3 + n**2 - n - 1. Suppose 0*g - 5*a - 1 = 4*g, -4*a = 4*g. Let k be q(g). Let t = -36 + k. Determine s(t).
2
Suppose 3*c = -4*z + 31, 3*c - 4*z = -9 + 8. Let n(q) be the second derivative of -2*q**3/3 + 7*q**2/2 + 9*q + 1. Giv